{"id":77493,"date":"2025-04-12T13:37:54","date_gmt":"2025-04-12T13:37:54","guid":{"rendered":"https:\/\/www.petparade.com.cy\/?post_type=product&#038;p=77493"},"modified":"2025-09-05T08:17:44","modified_gmt":"2025-09-05T08:17:44","slug":"cat-it-cuisine-pate-chicken-liver-95g","status":"publish","type":"product","link":"https:\/\/www.petparade.com.cy\/?product=cat-it-cuisine-pate-chicken-liver-95g","title":{"rendered":"CAT IT | Cuisine | Pate | Chicken &amp; Liver | 95g"},"content":{"rendered":"<p>Can be fed exclusively, or alongside a quality complete dry food such as\u00a0<a href=\"https:\/\/catit.co.uk\/collections\/catit-recipes\"><strong>Catit Recipes<\/strong><\/a>.<\/p>\n<ul>\n<li>Suitable for cats aged 1 year +<\/li>\n<li>Complete and balanced nutrition<\/li>\n<li>Resealable Tetra Pak<\/li>\n<li>Choose from 4 irresistible varieties.<\/li>\n<li>Grain-free and gluten-free<\/li>\n<li>No artificial preservatives or flavourings<\/li>\n<\/ul>\n<p>&nbsp;<\/p>\n<p>Each little box of Catit Cuisine P\u00e2t\u00e9 holds a generous amount of food and contains up to 25% more than the average cat food pouch or can. Our Tetra Recart boxes are easy to open and reseal, so you can keep your cat&#8217;s favourite P\u00e2t\u00e9 in the fridge overnight to be enjoyed the next day<\/p>\n<p><strong>Chicken P\u00e2t\u00e9 with Liver<\/strong><\/p>\n<p><strong>Composition:<\/strong>\u00a0Chicken (60%, of which Liver 20%), Minerals.<\/p>\n<p><strong>Analytical Constituents:<\/strong>\u00a0Crude Protein 10.3%, Crude Fat 5.9%, Crude Fibre 0.7%, Crude Ash 2.5%, Moisture 79.8%<strong><br \/>\n<\/strong><\/p>\n<p><strong>Calories:\u00a0<\/strong>89 kcal\/carton<strong><br \/>\n<\/strong><\/p>\n<p><strong>Feeding Instructions:<\/strong>\u00a0For an average 3.5kg cat we suggest feeding 2\u00bd to 3 cartons per day in at least 2 meals. Fresh drinking water should always be available.<\/p>\n<p>&nbsp;<\/p>\n","protected":false},"excerpt":{"rendered":"<p>A\u00a0<strong>complete wet food<\/strong>\u00a0that is packed with meat and wholesome veggies, providing your cat with the key nutrition that they need for a happy, healthy life. Catit Cuisine P\u00e2t\u00e9s are just as wholesome and good as if they were home-cooked!<\/p>\n<p>Catit Cuisine P\u00e2t\u00e9 is a soft, tasty P\u00e2t\u00e9 made of natural ingredients, nutritionally balanced to keep your cat energetic and feeling great. Made using real meat as the first ingredient, with mixed-in beneficial veggies, these\u00a0<strong>grain-free<\/strong>\u00a0meals have been gently cooked to retain the natural nutrients and flavours your cat will find irresistible.<\/p>\n","protected":false},"featured_media":77494,"comment_status":"open","ping_status":"closed","template":"","meta":{"_acf_changed":false,"inline_featured_image":false,"jetpack_publicize_message":"","jetpack_is_tweetstorm":false,"jetpack_publicize_feature_enabled":true,"jetpack_social_post_already_shared":true,"jetpack_social_options":{"image_generator_settings":{"template":"highway","enabled":false}}},"pwb-brand":[1366],"product_cat":[109],"product_tag":[],"class_list":{"0":"post-77493","1":"product","2":"type-product","3":"status-publish","4":"has-post-thumbnail","6":"pwb-brand-cat-it","7":"product_cat-ygri-trofi-gatas","8":"tm-no-options","10":"first","11":"outofstock","12":"shipping-taxable","13":"purchasable","14":"product-type-simple"},"jetpack_publicize_connections":[],"acf":[],"brands":[{"id":1366,"name":"CAT IT","slug":"cat-it"}],"_links":{"self":[{"href":"https:\/\/www.petparade.com.cy\/index.php?rest_route=\/wp\/v2\/product\/77493","targetHints":{"allow":["GET"]}}],"collection":[{"href":"https:\/\/www.petparade.com.cy\/index.php?rest_route=\/wp\/v2\/product"}],"about":[{"href":"https:\/\/www.petparade.com.cy\/index.php?rest_route=\/wp\/v2\/types\/product"}],"replies":[{"embeddable":true,"href":"https:\/\/www.petparade.com.cy\/index.php?rest_route=%2Fwp%2Fv2%2Fcomments&post=77493"}],"wp:featuredmedia":[{"embeddable":true,"href":"https:\/\/www.petparade.com.cy\/index.php?rest_route=\/wp\/v2\/media\/77494"}],"wp:attachment":[{"href":"https:\/\/www.petparade.com.cy\/index.php?rest_route=%2Fwp%2Fv2%2Fmedia&parent=77493"}],"wp:term":[{"taxonomy":"pwb-brand","embeddable":true,"href":"https:\/\/www.petparade.com.cy\/index.php?rest_route=%2Fwp%2Fv2%2Fpwb-brand&post=77493"},{"taxonomy":"product_cat","embeddable":true,"href":"https:\/\/www.petparade.com.cy\/index.php?rest_route=%2Fwp%2Fv2%2Fproduct_cat&post=77493"},{"taxonomy":"product_tag","embeddable":true,"href":"https:\/\/www.petparade.com.cy\/index.php?rest_route=%2Fwp%2Fv2%2Fproduct_tag&post=77493"}],"curies":[{"name":"wp","href":"https:\/\/api.w.org\/{rel}","templated":true}]}}